 -57. Calculate the remainder when -2 - (-25 - (-4 - q)) is divided by 10.
7
Suppose 5*p + 25 = 0, -b - p + 163 = 2*b. Calculate the remainder when b is divided by 24.
8
Let v = 944 - 765. Calculate the remainder when v is divided by 48.
35
Let d(o) = -2*o. Let u be d(2). Let n = 6 - 1. What is the remainder when n is divided by 1*6*u/(-6)?
1
Let q = 160 + -120. Suppose 0 = 2*k - 7*k + q. What is the remainder when 12 is divided by k?
4
Let j = 3 - 5. What is the remainder when 30 is divided by j - -1 - (-14 - 2 - 2)?
13
Let u = 1425 - 1378. What is the remainder when 224 is divided by u?
36
Let n = 307 - 57. Suppose 0*a - 4*d = a - 59, 4*a + 2*d = n. Calculate the remainder when a is divided by 16.
15
Let h(s) = -15*s**3 + 2*s**2 + s. Suppose -2*i + 19 + 29 = 0. Let v = i - -23. What is the remainder when v is divided by h(-1)?
15
Let w = 29 + -26. Suppose 11 = w*r - 43. What is the remainder when 34 is divided by r?
16
Let x = -48 - -108. Let r be x*(21/15 + -1). Suppose 0 = -2*p - r + 96. Calculate the remainder when p is divided by 19.
17
Let p = -434 + 502. Calculate the remainder when p is divided by 40.
28
Suppose -13*p + 11*p - 50 = 0. Let f = -16 - p. Let j = 6 + -1. Calculate the remainder when f is divided by j.
4
Let v(q) = 3*q**2 - 12*q - 2. Let z be 9/3 + 1 + 3 + -2. Let k = 9 - 1. What is the remainder when v(z) is divided by k?
5
Calculate the remainder when (175/20)/((-3)/(-12)) is divided by 12.
11
Suppose -a = -0 - 72. Suppose 5*f - 4*g - a = -21, -2*g - 31 = -3*f. What is the remainder when 51 is divided by f?
7
Let y = -1310 - -1370. What is the remainder when y is divided by 54?
6
Let v = -108 + 134. What is the remainder when v is divided by (24/(-10))/(2/(-5))?
2
Suppose -69*h + 168 = -62*h. What is the remainder when (-4)/((-3)/((-207)/(-6))) is divided by h?
22
Let q = -108 - -73. What is the remainder when 37 is divided by (2780/q)/(-4) + 1/7?
17
Let c(j) = j**2 + 3*j - 18. Calculate the remainder when c(-9) is divided by 26.
10
Let y(g) = -g**3 + 5*g**2 + g - 3. Let c be y(8). Let w = -132 - c. What is the remainder when w is divided by 28?
27
Let t = -564 + 696. What is the remainder when t is divided by 57?
18
Let w(i) = -4*i**2 + 15*i**2 - 6*i**2 - i. Calculate the remainder when w(2) is divided by 10.
8
Suppose -2*g - 5*c + 57 = 0, 5*g - 2*g + 2*c - 69 = 0. Let t(i) = 5*i - 10. Let q be t(9). Let b = q - g. Calculate the remainder when 27 is divided by b.
13
Let x(p) = -16*p + 9. Let a be x(-3). Suppose a = 4*b - h, -3*b + 3*h + 54 = -0*h. What is the remainder when b is divided by 5?
3
Let l = 1202 + -1130. Calculate the remainder when l is divided by 2 + 2/((-6)/(-39)).
12
Let q(w) = -w**3 + 2*w - 1. Let v be q(2). Calculate the remainder when v/(1/3 + (-8)/15) is divided by 13.
12
Let s(f) = 38*f**2 - f. Calculate the remainder when 68 is divided by s(-1).
29
Suppose -a = 3*x + 3*a - 68, 4*x - 82 = -a. What is the remainder when 36 is divided by x?
16
Let q = -44 + 49. Calculate the remainder when q is divided by (24/16)/((-6)/(-8)).
1
Calculate the remainder when (134/(-5))/((-3)/15) is divided by 17.
15
Let s(p) = -102*p. Calculate the remainder when s(-1) is divided by 17/(1989/26) + (-561)/(-27).
18
Let i(w) = -2*w**3 - 3*w - 1. Let u be i(-3). Let m = 69 - u. Let x = 2 + 24. Calculate the remainder when x is divided by m.
5
Suppose -39 = 2*v - 15*v. Suppose -4*t - 32 = -5*k + k, 0 = -3*k. Calculate the remainder when t*2*2/(-4) is divided by v.
2
Suppose -40 = -2*q - 5*z - 17, 0 = -5*q - 4*z + 66. Let t(r) = -r**3 - 3*r**2 + 4*r + 3. Calculate the remainder when q is divided by t(-4).
2
Suppose -i - 1386 = -15*i. What is the remainder when i is divided by 51?
48
Let m be 835/30 + 1/6. Let i = -25 + m. What is the remainder when 17 is divided by 1 + 0/(-4) + i?
1
Let w = 63 + -189. Let k = -77 - w. What is the remainder when k is divided by 10?
9
Let f(r) = r**3 - 8*r**2 - 6. Suppose 0 = -4*q + q - 3*p + 27, 5*p = 5. Let k be f(q). What is the remainder when 372/20 - k/(-10) is divided by 7?
4
Let k = -12 + 15. Suppose 7*w - k*w = 4, 11 = 2*f + 3*w. Calculate the remainder when 7 is divided by f.
3
Let t(r) = -r**3 + 10*r**2 - 9*r - 4. Let p be t(9). Let g(i) = 6*i**2 - 2*i + 1. Let v be g(1). Let j = v - p. What is the remainder when j is divided by 5?
4
Let d = 17 + -38. Let a = -9 - d. What is the remainder when 35 is divided by a?
11
Let n = 9 + -11. Calculate the remainder when n*222/(-16) - (-2)/8 is divided by 16.
12
Suppose -4*i + 5*u = -109, 5*u = 6*i - 3*i - 83. What is the remainder when 100 is divided by i?
22
Let f(l) = 21*l + 1. Suppose 2*b - 5*b = -36. Suppose -9*h - 39 = -b*h. Calculate the remainder when f(3) is divided by h.
12
Suppose -186 - 270 = -6*j. Calculate the remainder when j is divided by 11.
10
Let u = 1016 - 937. Calculate the remainder when u is divided by 22.
13
Let c be (-1)/(44/16 + -3). Let f be 28/5 + (-2)/(-5). Let m = f + c. What is the remainder when 39 is divided by m?
9
Let r = -15 + 26. Suppose r = j - 2*u, 14 = -j - 5*u + 53. Calculate the remainder when 2 + (11*3)/1 is divided by j.
16
Let d be 2/(-10) + (-238)/10. What is the remainder when 13 is divided by d/(-15)*35/14?
1
Let f(c) = 4*c - 3. Let y be f(8). Let m = 29 - y. Let s = 31 + m. Calculate the remainder when 122 is divided by s.
29
Suppose -5*v + 45 = -0*v. Let c = 19 - 13. What is the remainder when 35*(c - 1 - 4) is divided by v?
8
Let q(l) = -l**2 - l - 51. Let h be q(0). Let u = h + 69. Calculate the remainder when 51 is divided by u.
15
Let x(o) = 3*o + 9. Suppose 8*m = 35 + 189. Let j = 40 - m. What is the remainder when x(4) is divided by j?
9
Let c(g) = -g**2 - 9*g. Let u be (14 + -8)/(4/(-6)). Let h be c(u). Suppose h = -s + 15 + 7. Calculate the remainder when 86 is divided by s.
20
Let b(a) = a**2 + 11*a + 27. Suppose 2*t - 3*t + 22 = 0. Calculate the remainder when t is divided by b(-9).
4
Calculate the remainder when 248 is divided by 3/(((-33)/50)/(-11)).
48
Suppose -3*r + 0 + 9 = 0. Suppose 2*m + 4*v - 130 = 0, -r*m + v + v = -235. What is the remainder when m is divided by 27?
21
Let v(i) = -i + 4. Let p be v(4). Suppose p*b - 2*b = -96. Calculate the remainder when b is divided by 11.
4
Suppose 5*n + 55 = 5*s, 8 = 3*s + 2*n - 45. Suppose -6 = m - 3*z, -3*z = 3*m - 8*z + 18. Calculate the remainder when 670/s - 2/m is divided by 12.
9
Let c(a) = a**2 - 3*a + 7. Let t be (-2 - -3)*(-2 + 6). Calculate the remainder when 43 is divided by c(t).
10
Let q(k) = k**3 + 8*k**2 - 10*k - 1. Let t be q(-9). Let p(j) = -j**3 + 8*j**2 + 7*j - 26. What is the remainder when p(t) is divided by 12?
6
What is the remainder when 669 is divided by -14 + 21 + 6/(4 + -2)?
9
Let g = 544 - 540. Calculate the remainder when 22 is divided by g.
2
Suppose -5*f + 7*n - 4*n = -56, f - 2*n = 7. Let h(s) = 50*s - 50. Calculate the remainder when h(2) is divided by f.
11
Let o(d) = d**2 + 2*d - 4. Let r be o(-4). Suppose 0 = -c + 3*c - r. Suppose c*p + 80 = 6*p. What is the remainder when 79 is divided by p?
19
Let y(r) = -484*r**3 - 3*r**2 - 6*r - 2. What is the remainder when y(-1) is divided by 8?
5
Let i(w) = -w**3 + 20*w**2 - 20*w + 25. Let z be i(19). Suppose 3*v + 5 = 8*v, a + 2*v - 2 = 0. Let q = z + a. Calculate the remainder when 11 is divided by q.
5
What is the remainder when 1 - 0 - (-124 + -3) is divided by 44?
40
Suppose -w + 11*w = -1390. Let s = w - -176. Calculate the remainder when s is divided by 19.
18
Suppose 21*l + 2406 = 24*l. Calculate the remainder when l is divided by 11.
10
Suppose -o + 4*g + 39 = 3*g, -2*g = -10. What is the remainder when 210 is divided by o?
34
Suppose 2*g = 0, n - 3*g - 39 = -15. What is the remainder when (2 - 2) + 64 + (1 - -3) is divided by n?
20
Let q(m) = 5*m**2 + 1. Let h be q(4). What is the remainder when (h - -1)/(2/3) is divided by 42?
39
Suppose -229 = 12*p - 15*p - 5*m, 5*p + 3*m = 403. Calculate the remainder when p is divided by 17.
15
Let p(h) = -h**3 + 9*h**2 - 7*h + 9. Let g = -4 + 12. Let x be p(g). Let a = 41 - x. Calculate the remainder when a is divided by 13.
11
Suppose w - 4*t - 7 = 0, -w - t - 92 = -6*w. What is the remainder when 111 is divided by w?
16
Suppose -380 = 9*l - 13*l. Let y(j) = -4*j. Calculate the remainder when l is divided b